ppose -5*j - 12 + 137 = 0. What are the prime factors of j?
5
Let c(s) = 10*s + 1. What are the prime factors of c(5)?
3, 17
Suppose 0 = -2*g + 6*g. Suppose d + d - 22 = g. What are the prime factors of d?
11
Let o(r) = -11 + 3 - 3*r + 3*r**2 + 4. List the prime factors of o(3).
2, 7
What are the prime factors of 600/12*(-1)/((-3)/9)?
2, 3, 5
Let b(x) = -x**2 + 1. Let y be b(-4). Let f = 22 + y. What are the prime factors of f?
7
Suppose 0*z + 13*z = 1625. List the prime factors of z.
5
Let p(d) = -d**3 - 3*d. Let h(q) = -3*q**3 + q**2 - 10*q - 1. Suppose -b - 1 = -8. Let o(v) = b*p(v) - 2*h(v). List the prime factors of o(-2).
2
Suppose h = 5*h - 20. Suppose u = -4*a + 22, 4 = -a + h*a. Suppose u = 5*n - 12. What are the prime factors of n?
2, 3
Suppose -4*f + 6*z - 11 = z, 2*f + 4 = 4*z. Let m = -1 - f. List the prime factors of m.
3
Let f be (-2390)/(-60) + 2/12. Suppose 2*s + 0*s = f. List the prime factors of s.
2, 5
Suppose 0 = -0*f - 5*f - 115. Let a = 40 + f. List the prime factors of a.
17
Let f(s) = -s**2 + 8*s - 6. Suppose 6*c - c = 15. Let k be (-2 + (-30)/c)/(-2). List the prime factors of f(k).
2, 3
Let a be -3 + 9/(0 - -3). Suppose -4*x - 43 = -3*z, -2*z + 23 = -a*z + 3*x. What are the prime factors of z?
13
Let y = 9 + -7. Let u be -1*(y + -41 + 3). Suppose -3*h + 12 = -u. What are the prime factors of h?
2
Suppose g - 13 = -3*o, -27 = 2*o - 4*o + 3*g. Let a = o + -2. What are the prime factors of a?
2
Suppose 1 - 16 = -5*a. Suppose 2*d = 5*k + 8 - 0, -5*d + 20 = a*k. List the prime factors of d.
2
Let g(k) = -k + 12. Let m be g(8). Let s = m + 26. List the prime factors of s.
2, 3, 5
Suppose 2*l - 4*f + 3 = -3*f, -11 = -l + 3*f. List the prime factors of 42*l/(-6) - 3.
5
Suppose w + 2*j - 421 = 0, 2*w - j - 3*j = 818. Suppose 4*c = 2*c + 60. List the prime factors of w/c - (-2)/12.
2, 7
Let b be (1/(-1))/((-1)/(-24)). Suppose -2*t - 16 = -t. Let h = t - b. List the prime factors of h.
2
Let f(n) = n. Let o = -7 + 11. Let p be f(o). Suppose 5*r - 7 = p*r. What are the prime factors of r?
7
List the prime factors of (-4)/(-2) - 96/(-12).
2, 5
Suppose 4*m - 8*m = -12. Suppose 133 = 5*i - 3*y, 0 = -m*i - i + 4*y + 108. Suppose 5*l = 3*l + i. What are the prime factors of l?
13
Suppose -o - 4*o + 20 = 0, 2*o - 26 = -3*y. Let z = 0 + y. What are the prime factors of z?
2, 3
Let y = 43 - 11. What are the prime factors of y?
2
Let l = 9 - 6. Let i(g) = g**3 + 6. Let r be i(0). Let p = l + r. What are the prime factors of p?
3
Let q = 16 - 11. Let l(b) = -b + 7. Let n be l(q). Suppose -y = -n*y + 5, 0 = -4*r + 4*y + 4. List the prime factors of r.
2, 3
Suppose -v + 5*g - 8 = 4*g, -5*g + 4 = 4*v. Let z be 3 + -5 + 1 - 0. List the prime factors of 5/(-2)*v + z.
3
Suppose 0 = -2*b - 14 + 44. Let m = -11 + b. Suppose m*k - 5 = -4*x + 15, 4*k = 4*x - 60. List the prime factors of x.
2, 5
Let v(x) = -x**3 + 6*x**2 - x - 7. What are the prime factors of v(5)?
13
Let m(h) = -4*h**3 + 5*h**2 - 8. Let q(x) = 3*x**3 - 3*x**2 + 5. Let a(w) = -5*m(w) - 8*q(w). What are the prime factors of a(-1)?
3
Let x = 5 + 0. Suppose 0*a = x*a - 35. What are the prime factors of a?
7
Suppose 0 = 2*v + v - 6. Suppose -v*x = -6*x. Suppose -3*f - 16 = -2*s, x*f = s - 2*f - 9. List the prime factors of s.
5
Let w(z) = z**2 - 16*z. List the prime factors of w(17).
17
Let p(s) be the second derivative of -s**5/20 + s**4/2 + 2*s**2 + 6*s. What are the prime factors of p(5)?
29
Let m(o) = 36*o**2 + 5*o + 8. What are the prime factors of m(-2)?
2, 71
Let g = 4 + -4. Suppose 4*x - 8 + g = 0. List the prime factors of (1/(-1))/(x/(-22)).
11
Let h = 8 - 3. Suppose 5 = h*f, 5*o - 2*f - 29 = -f. What are the prime factors of o?
2, 3
What are the prime factors of (-4)/14 + 510/70?
7
Let j be 12/3 + -3 + 3. Let x(n) = -8*n + 10. Let f be x(-8). Suppose -18 = j*s - f. What are the prime factors of s?
2, 7
Suppose 27*r = 32*r - 1085. What are the prime factors of r?
7, 31
Suppose 0 = 3*d - 3*w - 621, 5*w - 309 = -5*d + 716. What are the prime factors of d?
2, 103
Suppose 0 = t + 5*k + 5, -3*k - 2 = 2*t + 1. Let m(g) = -g**3 + 11*g**2 + 16*g - 18. Let v be m(12). Suppose 3*d - v = -t*d. List the prime factors of d.
2, 5
Suppose -5*n - 2*d - 27 = 0, -3*d = 2*n - n - 5. List the prime factors of 8 + n - (-26)/2.
2, 7
Let k = 4 + 4. Suppose -3*l + k*l = 0. Suppose l*p + 2*p = 3*s - 29, -3*p - 49 = -5*s. What are the prime factors of s?
11
Let l = -59 + 83. Suppose l - 89 = -5*q. List the prime factors of q.
13
What are the prime factors of 3/(-9) - 661/(-3)?
2, 5, 11
Let n = 2 - 0. Suppose -3*m + 7*q = 2*q + 3, n*m + 5*q = 23. List the prime factors of m.
2
Suppose 4*m - 274 = -82. What are the prime factors of m?
2, 3
Let n(q) be the second derivative of -q**4/12 - 5*q**3/3 - 3*q**2 + q. Let g be n(-9). Suppose -o + 40 = g*o. List the prime factors of o.
2, 5
Suppose -4*h = -8*h. Suppose -z + 2*z - 28 = h. Suppose -2*c = -6*c + z. List the prime factors of c.
7
Suppose 7*r - 2*r - 40 = 0. Suppose 0 = 5*a - 4*a - 2. Suppose 2*h - r = -a*h. List the prime factors of h.
2
Let a(l) be the second derivative of -7*l**3/6 + 3*l**2/2 + 4*l. What are the prime factors of a(-3)?
2, 3
Let h(q) = q**3 - 11*q**2 + 13*q - 1. Let s be h(10). Let w = -15 + s. List the prime factors of w.
2, 7
Suppose b - 2*z + 0*z + 8 = 0, -3*b - 5*z = -31. What are the prime factors of b?
2
Let c(d) = -d**2 - 2*d + 1. Let v be c(1). What are the prime factors of 162/10 - v/(-10)?
2
Let b be (-22 + -2)*10/(-6). Suppose -s + 0*s - f = -20, -5*f = 2*s - b. List the prime factors of s.
2, 5
Suppose 12 = -0*t - 2*t - 4*z, 35 = -5*t - 5*z. List the prime factors of t/12 - 16/(-6).
2
Let x(o) = -o**3 - 12*o**2 - 18*o - 12. Let j be x(-12). Suppose -4 = -k, -j = -3*q - k - 2*k. Suppose q = 5*t - t. List the prime factors of t.
2
Let g(b) = b**3 + b**2 + 17. Let a(p) = 2*p + 5. Let k be a(-5). Let u be 9/3 + k + 2. List the prime factors of g(u).
17
Suppose 18 = 2*z - 30. List the prime factors of z.
2, 3
Suppose -9 + 4 = 5*o. What are the prime factors of o*(-19 + 2 + 0)?
17
Let g(w) = 3*w + 4 - 3 - 8. Let q be (-11)/(-2) - 3/(36/6). What are the prime factors of g(q)?
2
Let d(i) = i**3 - 6*i**2 - 4*i - 4. Let c be d(6). List the prime factors of (-105)/c + (-2)/(-8).
2
Let p(h) be the second derivative of h**4/6 - 2*h**3/3 - 2*h**2 - h. List the prime factors of p(4).
2, 3
Suppose 4*v + v - 1354 = -4*t, 4 = 2*v. List the prime factors of t.
2, 3, 7
Suppose -695 = -3*z + 2*h, z - 5*z + 4*h + 932 = 0. List the prime factors of z.
229
Let i = 114 - 32. List the prime factors of i.
2, 41
Let z be 3*-3*2/(-3). Suppose 30 = -4*x + z*x. List the prime factors of x.
3, 5
Let z = 17 + 6. What are the prime factors of z?
23
Let r(y) = -y**3 - 5*y**2 + 4*y + 1. Let x be r(-6). Let b = 19 - x. List the prime factors of b.
2, 3
Let h = 62 + -36. What are the prime factors of h?
2, 13
Let c = -6 + 6. Suppose 5*d + 20 = c, 5*d + 24 = -4*u + 2*d. Let p(i) = -i**3 - 2*i**2 - 3*i - 4. What are the prime factors of p(u)?
2, 7
Suppose -3*d + 8*d + 40 = 0. Let a(h) = h**2 + 6*h - 10. List the prime factors of a(d).
2, 3
Suppose c - 6*c - 134 = -3*x, -2*c = -2*x + 96. List the prime factors of x.
53
Let q = 12 + -4. List the prime factors of q.
2
Suppose 2*p - 3 = -15. Let t(x) = x**2 + 3*x - 7. What are the prime factors of t(p)?
11
Suppose 33 = 14*q - 11*q. List the prime factors of q.
11
Let d(l) = l**2 + l. Let s be d(-2). Suppose s*i = 5*i - 9. Suppose i*b = -0*b + 18. What are the prime factors of b?
2, 3
Let k = 109 + -16. What are the prime factors of k?
3, 31
Let a(b) = 9*b**3 - b**2 - b. What are the prime factors of a(2)?
2, 3, 11
Suppose 0 = -3*i - 23 + 215. What are the prime factors of i?
2
List the prime factors of (-190)/57*(-2 - -3)*-36.
2, 3, 5
Let b = -30 - -51. What are the prime factors of b?
3, 7
Let a(o) = o**3 - o. Let n be a(2). Let c be -6*(-3)/n - -2. Suppose c = 5*u - 5*l, -2*u - 31 = -3*u - 5*l. What are the prime factors of u?
2, 3
Suppose -8*b = -4*b - 1172. What are the prime factors of b?
293
Let z = 1 - 10. What are the prime factors of (-3)/z - (-35)/3?
2, 3
Suppose -2*o = 5*a + 5, 6*o - o + 5 = -5*a. Let k = 3 - a. What are the prime factors of k?
2
Suppose 2 = 2*c - 0. Let g(o) = 4*o**2 + 5*o - 5. Le